rs of 773030?
2, 5, 23, 3361
List the prime factors of 327713.
41, 7993
List the prime factors of 1742488.
2, 11, 19801
What are the prime factors of 727925?
5, 11, 2647
List the prime factors of 193357.
193357
What are the prime factors of 3593620?
2, 5, 47, 3823
List the prime factors of 4613680.
2, 5, 101, 571
List the prime factors of 2140099.
13, 164623
What are the prime factors of 525869?
525869
What are the prime factors of 4229584?
2, 264349
What are the prime factors of 93946?
2, 107, 439
What are the prime factors of 19433505?
3, 5, 7, 13, 23, 619
List the prime factors of 116730.
2, 3, 5, 1297
What are the prime factors of 372156?
2, 3, 31013
What are the prime factors of 51911?
23, 37, 61
List the prime factors of 513569.
7, 47, 223
What are the prime factors of 1665834?
2, 3, 277639
List the prime factors of 10017792.
2, 3, 1087
What are the prime factors of 99305?
5, 19861
List the prime factors of 3142327.
359, 8753
What are the prime factors of 1525837?
1525837
List the prime factors of 6242591.
23, 67, 4051
What are the prime factors of 2167539?
3, 11, 19, 3457
What are the prime factors of 94763?
193, 491
List the prime factors of 25583279.
25583279
What are the prime factors of 6644273?
6644273
List the prime factors of 98019.
3, 10891
List the prime factors of 27356.
2, 7, 977
List the prime factors of 501025.
5, 7, 409
What are the prime factors of 498263?
31, 16073
What are the prime factors of 633296?
2, 39581
List the prime factors of 37917430.
2, 5, 1069, 3547
What are the prime factors of 14180294?
2, 7090147
What are the prime factors of 815359?
79, 10321
List the prime factors of 426709.
426709
List the prime factors of 6434182.
2, 3217091
List the prime factors of 12897383.
12897383
List the prime factors of 5113093.
5113093
List the prime factors of 1361347.
13, 23, 29, 157
List the prime factors of 161409.
3, 173, 311
What are the prime factors of 502634?
2, 11, 31, 67
What are the prime factors of 369711?
3, 13693
List the prime factors of 2639166.
2, 3, 439861
What are the prime factors of 368165?
5, 7, 67, 157
What are the prime factors of 3020772?
2, 3, 19, 13249
What are the prime factors of 4655290?
2, 5, 465529
List the prime factors of 6950024.
2, 29, 1033
List the prime factors of 7508382.
2, 3, 7, 19, 97
What are the prime factors of 4011696?
2, 3, 13, 2143
What are the prime factors of 6683?
41, 163
List the prime factors of 3843484.
2, 23, 41777
What are the prime factors of 24146701?
19, 1270879
List the prime factors of 287711.
31, 9281
What are the prime factors of 10189151?
7, 43, 33851
List the prime factors of 3825197.
467, 8191
List the prime factors of 14443674.
2, 3, 7, 343897
List the prime factors of 13707.
3, 1523
List the prime factors of 2187073.
7, 397, 787
What are the prime factors of 3038992?
2, 11, 31, 557
What are the prime factors of 12006810?
2, 3, 5, 71, 1879
What are the prime factors of 5095745?
5, 331, 3079
What are the prime factors of 197623?
83, 2381
What are the prime factors of 2762210?
2, 5, 11, 25111
What are the prime factors of 189434?
2, 7, 1933
List the prime factors of 1441749.
3, 480583
What are the prime factors of 4444337?
29, 331, 463
What are the prime factors of 22371?
3, 7457
What are the prime factors of 1079706?
2, 3, 179951
What are the prime factors of 1137377?
283, 4019
What are the prime factors of 492678?
2, 3, 101, 271
What are the prime factors of 1018948?
2, 7, 151, 241
List the prime factors of 89793.
3, 11, 907
List the prime factors of 1850228.
2, 462557
What are the prime factors of 8032318?
2, 7, 573737
List the prime factors of 330783.
3, 110261
What are the prime factors of 17630366?
2, 13, 19, 89, 401
What are the prime factors of 2117782?
2, 1058891
What are the prime factors of 139841?
13, 31, 347
List the prime factors of 13947479.
7, 13, 153269
What are the prime factors of 5733773?
5733773
What are the prime factors of 26452?
2, 17, 389
What are the prime factors of 159386?
2, 79693
What are the prime factors of 4945988?
2, 31, 39887
List the prime factors of 198492.
2, 3, 7, 17, 139
What are the prime factors of 1029676?
2, 47, 5477
What are the prime factors of 4490261?
17, 264133
What are the prime factors of 204575?
5, 7, 167
List the prime factors of 161210.
2, 5, 7, 47
What are the prime factors of 2015512?
2, 251939
What are the prime factors of 9226998?
2, 3, 11, 46601
List the prime factors of 1042019.
11, 43, 2203
What are the prime factors of 369632?
2, 11551
What are the prime factors of 222767?
89, 2503
List the prime factors of 289168.
2, 11, 31, 53
What are the prime factors of 6564101?
19, 345479
List the prime factors of 527997.
3, 43, 4093
List the prime factors of 35715880.
2, 5, 607, 1471
What are the prime factors of 31467750?
2, 3, 5, 41957
List the prime factors of 464350.
2, 5, 37, 251
What are the prime factors of 432552?
2, 3, 67, 269
What are the prime factors of 7125469?
13, 23, 23831
What are the prime factors of 3654006?
2, 3, 409, 1489
What are the prime factors of 3983552?
2, 67, 929
What are the prime factors of 4151406?
2, 3, 7, 97, 1019
What are the prime factors of 669769?
19, 35251
List the prime factors of 1975579.
113, 17483
List the prime factors of 460796.
2, 7, 2351
List the prime factors of 158422.
2, 11, 19, 379
What are the prime factors of 488356?
2, 11, 1009
List the prime factors of 790301.
71, 11131
List the prime factors of 255750.
2, 3, 5, 11, 31
List the prime factors of 16209444.
2, 3, 67, 20161
What are the prime factors of 21997462?
2, 37, 297263
What are the prime factors of 456669?
3, 50741
List the prime factors of 2247550.
2, 5, 79, 569
What are the prime factors of 25104185?
5, 131, 38327
What are the prime factors of 1929915?
3, 5, 13, 3299
What are the prime factors of 164274?
2, 3, 11, 19, 131
List the prime factors of 259276.
2, 53, 1223
List the prime factors of 2054416.
2, 7, 13, 17, 83
List the prime factors of 2337537.
3, 733, 1063
List the prime factors of 1042208.
2, 32569
List the prime factors of 934787.
7, 133541
What are the prime factors of 214075?
5, 8563
List the prime factors of 20800.
2, 5, 13
What are the prime factors of 8311501?
11, 211, 3581
What are the prime factors of 9134822?
2, 4567411
List the prime factors of 144730.
2, 5, 41, 353
What are the prime factors of 4008586?
2, 2004293
What are the prime factors of 240037?
7, 53, 647
List the prime factors of 380628.
2, 3, 97, 109
What are the prime factors of 16531635?
3, 5, 181, 6089
List the prime factors of 353581.
47, 7523
What are the prime factors of 2768878?
2, 7, 23, 8599
What are the prime factors of 2485848?
2, 3, 103577
What are the prime factors of 1876489?
137, 13697
List the prime factors of 1535805.
3, 5, 34129
List the prime factors of 2688130.
2, 5, 268813
List the prime factors of 30024581.
1471, 20411
List the prime factors of 216092.
2, 89, 607
What are the prime factors of 7158937?
7158937
What are the prime factors of 179724?
2, 3, 17, 881
What are the prime factors of 115382?
2, 31, 1861
What are the prime factors of 421912?
2, 23, 2293
List the prime factors of 168910.
2, 5, 7, 19, 127
What are the prime factors of 290713?
67, 4339
List the prime factors of 713388.
2, 3, 13, 17, 269
List the prime factors of 1234716.
2, 3, 7, 14699
List the prime factors of 3182839.
11, 289349
What are the prime factors of 331593?
3, 107, 1033
List the prime factors of 1968034.
2, 984017
What are the prime factors of 8788293?
3, 976477
List the prime factors of 697843.
23, 30341
List the prime factors of 157309.
47, 3347
What are the prime factors of 7640?
2, 5, 191
List the prime factors of 172317.
3, 71, 809
List the prime factors of 2488408.
2, 13, 71, 337
What are the prime factors of 1327101?
3, 442367
List the prime factors of 15766.
2, 7883
List the prime factors of 252139.
252139
List the prime factors of 11857573.
7, 13, 130303
What are the prime factors of 812968?
2, 13, 7817
What are the prime factors of 2852371?
2852371
List the prime factors of 6299485.
5, 677, 1861
What are the prime factors of 3878497?
7, 79153
What are the prime factors of 289105?
5, 67, 863
List the prime factors of 1333116.
2, 3, 19, 1949
What are the prime factors of 3561268?
2, 890317
What are the prim